{"id":24,"date":"2020-03-06T13:11:20","date_gmt":"2020-03-06T13:11:20","guid":{"rendered":"http:\/\/sagittaire-editions.fr\/?post_type=product&#038;p=24"},"modified":"2021-01-09T16:33:28","modified_gmt":"2021-01-09T16:33:28","slug":"panorama-de-la-critique","status":"publish","type":"product","link":"http:\/\/sagittaire-editions.fr\/?product=panorama-de-la-critique","title":{"rendered":"Tour d&rsquo;y voir suivi de Panorama de la Critique"},"content":{"rendered":"<p>Pierric Maelstaf<br \/>\n<b>Panorama de la Critique<br \/>\n<\/b><em>pr\u00e9c\u00e9d\u00e9 de <\/em><b>Tour d&rsquo;y voir<br \/>\n<\/b><\/p>\n<p><img loading=\"lazy\" decoding=\"async\" class=\"wp-image-37 size-medium alignright\" src=\"http:\/\/sagittaire-editions.fr\/wp-content\/uploads\/2020\/03\/DSC00088-Copie-200x300.jpg\" alt=\"\" width=\"200\" height=\"300\" srcset=\"http:\/\/sagittaire-editions.fr\/wp-content\/uploads\/2020\/03\/DSC00088-Copie-200x300.jpg 200w, http:\/\/sagittaire-editions.fr\/wp-content\/uploads\/2020\/03\/DSC00088-Copie-681x1024.jpg 681w, http:\/\/sagittaire-editions.fr\/wp-content\/uploads\/2020\/03\/DSC00088-Copie-768x1154.jpg 768w, http:\/\/sagittaire-editions.fr\/wp-content\/uploads\/2020\/03\/DSC00088-Copie-1022x1536.jpg 1022w, http:\/\/sagittaire-editions.fr\/wp-content\/uploads\/2020\/03\/DSC00088-Copie-1363x2048.jpg 1363w, http:\/\/sagittaire-editions.fr\/wp-content\/uploads\/2020\/03\/DSC00088-Copie-1200x1804.jpg 1200w, http:\/\/sagittaire-editions.fr\/wp-content\/uploads\/2020\/03\/DSC00088-Copie-600x902.jpg 600w, http:\/\/sagittaire-editions.fr\/wp-content\/uploads\/2020\/03\/DSC00088-Copie-scaled.jpg 1703w\" sizes=\"auto, (max-width: 200px) 100vw, 200px\" \/><\/p>\n<p>&nbsp;<\/p>\n<p>L\u2019esprit critique ne s\u2019enseigne pas. Le libre arbitre ne se d\u00e9cr\u00e8te pas. Pour autant, on ne cesse de donner son avis, d\u2019influencer les opinions et ce, depuis l\u2019Antiquit\u00e9. Longtemps pratiqu\u00e9e comme une autorit\u00e9, un jugement d\u00e9finitif voire une injonction p\u00e9remptoire et indiscutable, la critique ne s\u2019est pas constitu\u00e9e en un jour, ni dans une seule t\u00eate, et encore moins sans remise en question.<\/p>\n<p>Dans ce parcours, de l\u2019Antiquit\u00e9 \u00e0 nos jours, et \u00e0 travers ses lectures, l\u2019auteur met en avant les tendances et r\u00e9flexions esth\u00e9tiques qui ont construit une discipline riche et surprenante. Convaincu que la critique n\u2019est pas n\u00e9gative en elle-m\u00eame, mais qu\u2019elle est une machine \u00e0 d\u00e9couvertes et une m\u00e9thode d\u2019ouverture, notamment de nos sensations et de nos \u00e9motions, il d\u00e9friche les concepts utiles, portatifs, qui peuvent sublimer nos propres perceptions esth\u00e9tiques.<\/p>\n<p>Dans <em>Tour d&rsquo;y voir<\/em>, l&rsquo;auteur nous plonge dans la t\u00eate d&rsquo;un des jeunes \u00e9tudiants qui ont particip\u00e9 au scandale d&rsquo;Hernani et qui a pu devenir un critique important de son temps.<br \/>\nPierric Maelstaf a dirig\u00e9 des ouvrages collectifs (<i>Causeries du Boulevard<\/i>). Il \u00e9crit \u00e9galement des pi\u00e8ces de th\u00e9\u00e2tre (<i>Contre<\/i>, d\u2019apr\u00e8s Marcel Proust, <i>Le Citoyen, le Philosophe et le Lecteur<\/i>, <i>Laexicozo\u00efque<\/i>, <i>Esprit critique<\/i>, <i>Allons enfants, etc\u2026<\/i>).<\/p>\n<p>Image : Collage 610 &#8211; Philippe Garnier de la Baudini\u00e8re (droits r\u00e9serv\u00e9s)<\/p>\n<p>&nbsp;<\/p>\n<p>&nbsp;<\/p>\n","protected":false},"excerpt":{"rendered":"<p>Un parcours dans l&rsquo;univers de la critique de Platon \u00e0 nos jours.<\/p>\n<p>Paru le 19 novembre 2020.<\/p>\n","protected":false},"featured_media":37,"comment_status":"open","ping_status":"closed","template":"","meta":{"spay_email":""},"class_list":{"0":"post-24","1":"product","2":"type-product","3":"status-publish","4":"has-post-thumbnail","6":"product_cat-conferences","7":"product_shipping_class-livraison","9":"first","10":"instock","11":"shipping-taxable","12":"purchasable","13":"product-type-simple"},"_links":{"self":[{"href":"http:\/\/sagittaire-editions.fr\/index.php?rest_route=\/wp\/v2\/product\/24","targetHints":{"allow":["GET"]}}],"collection":[{"href":"http:\/\/sagittaire-editions.fr\/index.php?rest_route=\/wp\/v2\/product"}],"about":[{"href":"http:\/\/sagittaire-editions.fr\/index.php?rest_route=\/wp\/v2\/types\/product"}],"replies":[{"embeddable":true,"href":"http:\/\/sagittaire-editions.fr\/index.php?rest_route=%2Fwp%2Fv2%2Fcomments&post=24"}],"wp:featuredmedia":[{"embeddable":true,"href":"http:\/\/sagittaire-editions.fr\/index.php?rest_route=\/wp\/v2\/media\/37"}],"wp:attachment":[{"href":"http:\/\/sagittaire-editions.fr\/index.php?rest_route=%2Fwp%2Fv2%2Fmedia&parent=24"}],"curies":[{"name":"wp","href":"https:\/\/api.w.org\/{rel}","templated":true}]}}