{"id":20,"date":"2019-11-06T15:24:11","date_gmt":"2019-11-06T15:24:11","guid":{"rendered":"http:\/\/sagittaire-editions.fr\/?post_type=product&#038;p=20"},"modified":"2019-12-01T00:24:52","modified_gmt":"2019-12-01T00:24:52","slug":"premieres-nouvelles-ii","status":"publish","type":"product","link":"http:\/\/sagittaire-editions.fr\/?product=premieres-nouvelles-ii","title":{"rendered":"Premi\u00e8res Nouvelles II"},"content":{"rendered":"<p>Publications des nouvelles laur\u00e9ates du Concours international de nouvelles, des Editions du Sagittaire en partenariat avec \u00e7\u00e0 &amp; l\u00e0, des ann\u00e9es 2008 \u00e0 2011.<\/p>\n<p>Avec la participation de Fran\u00e7ois Aussanaire, Adrien Barbaresi, Richard Basset, Danielle Chavancy, Anne Cl\u00e9ment, Monique Coudert, Jacqueline Dewerdt-Ogil, Jean-Marie Palach, Perrine Piat, Christine Pruvot, Pierre Rebotier, Jean-Paul Vialard, Christian Zimmermann.<\/p>\n","protected":false},"excerpt":{"rendered":"<p>Concours de nouvelles : le code (2008) &#8211; L&rsquo;utopie (2009) &#8211; L&rsquo;amiti\u00e9 (2010) &#8211; La nuance (2011)<\/p>\n","protected":false},"featured_media":21,"comment_status":"open","ping_status":"closed","template":"","meta":{"spay_email":""},"class_list":{"0":"post-20","1":"product","2":"type-product","3":"status-publish","4":"has-post-thumbnail","6":"product_cat-non-classe","8":"first","9":"instock","10":"shipping-taxable","11":"purchasable","12":"product-type-simple"},"_links":{"self":[{"href":"http:\/\/sagittaire-editions.fr\/index.php?rest_route=\/wp\/v2\/product\/20","targetHints":{"allow":["GET"]}}],"collection":[{"href":"http:\/\/sagittaire-editions.fr\/index.php?rest_route=\/wp\/v2\/product"}],"about":[{"href":"http:\/\/sagittaire-editions.fr\/index.php?rest_route=\/wp\/v2\/types\/product"}],"replies":[{"embeddable":true,"href":"http:\/\/sagittaire-editions.fr\/index.php?rest_route=%2Fwp%2Fv2%2Fcomments&post=20"}],"wp:featuredmedia":[{"embeddable":true,"href":"http:\/\/sagittaire-editions.fr\/index.php?rest_route=\/wp\/v2\/media\/21"}],"wp:attachment":[{"href":"http:\/\/sagittaire-editions.fr\/index.php?rest_route=%2Fwp%2Fv2%2Fmedia&parent=20"}],"curies":[{"name":"wp","href":"https:\/\/api.w.org\/{rel}","templated":true}]}}