{"id":126,"date":"2024-10-20T09:35:33","date_gmt":"2024-10-20T09:35:33","guid":{"rendered":"http:\/\/sagittaire-editions.fr\/?post_type=product&#038;p=126"},"modified":"2025-10-04T16:04:44","modified_gmt":"2025-10-04T16:04:44","slug":"revue-du-prix-sainte-beuve-2024","status":"publish","type":"product","link":"http:\/\/sagittaire-editions.fr\/?product=revue-du-prix-sainte-beuve-2024","title":{"rendered":"Revue du Prix Sainte-Beuve &#8211; 2024"},"content":{"rendered":"<p>Revue du Prix Sainte-Beuve des Coll\u00e9giens et des Apprentis 2024<\/p>\n<p>Les textes des \u00e9l\u00e8ves laur\u00e9ats de l&rsquo;ann\u00e9e 2024.<\/p>\n<p>1 exemplaire.<\/p>\n<p>Des marque-pages litt\u00e9rature jeunesse offerts.<\/p>\n<p>(Documentalistes et biblioth\u00e9caires : signalez votre profession, on vous donnera davantage de marque-pages pour vos lecteurs !)<\/p>\n<p>&nbsp;<\/p>\n","protected":false},"excerpt":{"rendered":"<p><img loading=\"lazy\" decoding=\"async\" class=\"alignnone size-medium wp-image-127\" src=\"http:\/\/sagittaire-editions.fr\/wp-content\/uploads\/2024\/10\/RevuePSB2024-e1729417798907-210x300.jpg\" alt=\"\" width=\"210\" height=\"300\" srcset=\"http:\/\/sagittaire-editions.fr\/wp-content\/uploads\/2024\/10\/RevuePSB2024-e1729417798907-210x300.jpg 210w, http:\/\/sagittaire-editions.fr\/wp-content\/uploads\/2024\/10\/RevuePSB2024-e1729417798907-717x1024.jpg 717w, http:\/\/sagittaire-editions.fr\/wp-content\/uploads\/2024\/10\/RevuePSB2024-e1729417798907-768x1096.jpg 768w, http:\/\/sagittaire-editions.fr\/wp-content\/uploads\/2024\/10\/RevuePSB2024-e1729417798907-1076x1536.jpg 1076w, http:\/\/sagittaire-editions.fr\/wp-content\/uploads\/2024\/10\/RevuePSB2024-e1729417798907-600x856.jpg 600w, http:\/\/sagittaire-editions.fr\/wp-content\/uploads\/2024\/10\/RevuePSB2024-e1729417798907.jpg 1156w\" sizes=\"auto, (max-width: 210px) 100vw, 210px\" \/><\/p>\n","protected":false},"featured_media":127,"comment_status":"open","ping_status":"closed","template":"","meta":{"spay_email":""},"class_list":{"0":"post-126","1":"product","2":"type-product","3":"status-publish","4":"has-post-thumbnail","6":"product_cat-non-classe","7":"product_shipping_class-hors-commerce","9":"first","10":"instock","11":"shipping-taxable","12":"purchasable","13":"product-type-simple"},"_links":{"self":[{"href":"http:\/\/sagittaire-editions.fr\/index.php?rest_route=\/wp\/v2\/product\/126","targetHints":{"allow":["GET"]}}],"collection":[{"href":"http:\/\/sagittaire-editions.fr\/index.php?rest_route=\/wp\/v2\/product"}],"about":[{"href":"http:\/\/sagittaire-editions.fr\/index.php?rest_route=\/wp\/v2\/types\/product"}],"replies":[{"embeddable":true,"href":"http:\/\/sagittaire-editions.fr\/index.php?rest_route=%2Fwp%2Fv2%2Fcomments&post=126"}],"wp:featuredmedia":[{"embeddable":true,"href":"http:\/\/sagittaire-editions.fr\/index.php?rest_route=\/wp\/v2\/media\/127"}],"wp:attachment":[{"href":"http:\/\/sagittaire-editions.fr\/index.php?rest_route=%2Fwp%2Fv2%2Fmedia&parent=126"}],"curies":[{"name":"wp","href":"https:\/\/api.w.org\/{rel}","templated":true}]}}